factors of 431?
431
List the prime factors of 718.
2, 359
List the prime factors of 29769.
3, 9923
What are the prime factors of 16468?
2, 23, 179
What are the prime factors of 11514?
2, 3, 19, 101
List the prime factors of 6801.
3, 2267
What are the prime factors of 828?
2, 3, 23
List the prime factors of 2494.
2, 29, 43
What are the prime factors of 1562?
2, 11, 71
List the prime factors of 769.
769
What are the prime factors of 44874?
2, 3, 277
What are the prime factors of 641?
641
What are the prime factors of 1100?
2, 5, 11
What are the prime factors of 8269?
8269
List the prime factors of 249.
3, 83
What are the prime factors of 15800?
2, 5, 79
What are the prime factors of 37659?
3, 12553
What are the prime factors of 2607?
3, 11, 79
What are the prime factors of 49645?
5, 9929
What are the prime factors of 3477?
3, 19, 61
What are the prime factors of 91590?
2, 3, 5, 43, 71
List the prime factors of 17532.
2, 3, 487
What are the prime factors of 37437?
3, 12479
What are the prime factors of 2749?
2749
What are the prime factors of 23325?
3, 5, 311
List the prime factors of 41.
41
What are the prime factors of 72150?
2, 3, 5, 13, 37
What are the prime factors of 4941?
3, 61
List the prime factors of 7465.
5, 1493
What are the prime factors of 45439?
45439
List the prime factors of 2581.
29, 89
List the prime factors of 16126.
2, 11, 733
What are the prime factors of 1764?
2, 3, 7
List the prime factors of 13786.
2, 61, 113
List the prime factors of 23527.
7, 3361
List the prime factors of 62584.
2, 7823
List the prime factors of 144630.
2, 3, 5, 1607
List the prime factors of 16807.
7
List the prime factors of 7346.
2, 3673
List the prime factors of 1213.
1213
What are the prime factors of 64?
2
List the prime factors of 20791.
17, 1223
List the prime factors of 44158.
2, 22079
List the prime factors of 725.
5, 29
List the prime factors of 956.
2, 239
List the prime factors of 1103.
1103
What are the prime factors of 1924?
2, 13, 37
List the prime factors of 149512.
2, 11, 1699
What are the prime factors of 45549?
3, 7, 241
What are the prime factors of 4236?
2, 3, 353
What are the prime factors of 2236?
2, 13, 43
List the prime factors of 1104.
2, 3, 23
What are the prime factors of 13495?
5, 2699
List the prime factors of 58.
2, 29
What are the prime factors of 55514?
2, 41, 677
What are the prime factors of 1195?
5, 239
List the prime factors of 1983.
3, 661
List the prime factors of 61663.
7, 23, 383
List the prime factors of 6743.
11, 613
What are the prime factors of 3888?
2, 3
What are the prime factors of 2330?
2, 5, 233
List the prime factors of 306.
2, 3, 17
List the prime factors of 282.
2, 3, 47
What are the prime factors of 35839?
35839
List the prime factors of 9231.
3, 17, 181
What are the prime factors of 718?
2, 359
List the prime factors of 19797.
3, 6599
List the prime factors of 9502.
2, 4751
List the prime factors of 11803.
11, 29, 37
List the prime factors of 5208.
2, 3, 7, 31
What are the prime factors of 32457?
3, 31, 349
List the prime factors of 19777.
19777
List the prime factors of 5774.
2, 2887
List the prime factors of 551.
19, 29
What are the prime factors of 829?
829
List the prime factors of 3752.
2, 7, 67
List the prime factors of 98506.
2, 49253
List the prime factors of 9458.
2, 4729
List the prime factors of 2309.
2309
List the prime factors of 137548.
2, 137, 251
What are the prime factors of 9542?
2, 13, 367
What are the prime factors of 7777?
7, 11, 101
List the prime factors of 16769.
41, 409
List the prime factors of 37055.
5, 7411
What are the prime factors of 779?
19, 41
List the prime factors of 325.
5, 13
List the prime factors of 7344.
2, 3, 17
List the prime factors of 859.
859
List the prime factors of 91.
7, 13
What are the prime factors of 2606?
2, 1303
List the prime factors of 352.
2, 11
List the prime factors of 1541.
23, 67
What are the prime factors of 3886?
2, 29, 67
What are the prime factors of 5?
5
List the prime factors of 126003.
3, 97, 433
List the prime factors of 97737.
3, 32579
List the prime factors of 4149.
3, 461
What are the prime factors of 74188?
2, 17, 1091
List the prime factors of 23033.
31, 743
List the prime factors of 20813.
13, 1601
What are the prime factors of 62141?
62141
List the prime factors of 56501.
56501
What are the prime factors of 709?
709
List the prime factors of 49198.
2, 17, 1447
List the prime factors of 11558.
2, 5779
What are the prime factors of 223?
223
List the prime factors of 1506.
2, 3, 251
List the prime factors of 10025.
5, 401
What are the prime factors of 76319?
167, 457
List the prime factors of 5129.
23, 223
What are the prime factors of 56452?
2, 11, 1283
List the prime factors of 49884.
2, 3, 4157
What are the prime factors of 29845?
5, 47, 127
List the prime factors of 6011.
6011
List the prime factors of 41.
41
What are the prime factors of 7056?
2, 3, 7
List the prime factors of 3025.
5, 11
What are the prime factors of 715?
5, 11, 13
What are the prime factors of 657?
3, 73
What are the prime factors of 753?
3, 251
List the prime factors of 24686.
2, 12343
What are the prime factors of 621?
3, 23
List the prime factors of 1089.
3, 11
List the prime factors of 23834.
2, 17, 701
List the prime factors of 6828.
2, 3, 569
List the prime factors of 11156.
2, 2789
What are the prime factors of 854?
2, 7, 61
List the prime factors of 9382.
2, 4691
List the prime factors of 466.
2, 233
What are the prime factors of 1707?
3, 569
What are the prime factors of 6157?
47, 131
What are the prime factors of 63419?
63419
List the prime factors of 6614.
2, 3307
What are the prime factors of 2373?
3, 7, 113
What are the prime factors of 5096?
2, 7, 13
List the prime factors of 39800.
2, 5, 199
What are the prime factors of 1563?
3, 521
What are the prime factors of 154591?
154591
What are the prime factors of 162497?
43, 3779
List the prime factors of 1794.
2, 3, 13, 23
What are the prime factors of 41364?
2, 3, 383
List the prime factors of 10904.
2, 29, 47
List the prime factors of 136845.
3, 5, 3041
List the prime factors of 32963.
7, 17, 277
List the prime factors of 17997.
3, 7, 857
What are the prime factors of 19850?
2, 5, 397
What are the prime factors of 2204?
2, 19, 29
List the prime factors of 7336.
2, 7, 131
What are the prime factors of 4557?
3, 7, 31
List the prime factors of 10295.
5, 29, 71
What are the prime factors of 7133?
7, 1019
What are the prime factors of 8688?
2, 3, 181
List the prime factors of 202.
2, 101
What are the prime factors of 4672?
2, 73
What are the prime factors of 1618?
2, 809
What are the prime factors of 5156?
2, 1289
List the prime factors of 1947.
3, 11, 59
What are the prime factors of 3962?
2, 7, 283
List the prime factors of 1299.
3, 433
What are the prime factors of 13559?
7, 13, 149
What are the prime factors of 537?
3, 179
List the prime factors of 32951.
83, 397
List the prime factors of 1149.
3, 383
List the prime factors of 9646.
2, 7, 13, 53
What are the prime factors of 7610?
2, 5, 761
What are the prime factors of 5495?
5, 7, 157
List the prime factors of 31945.
5, 6389
What are the prime factors of 7414?
2, 11, 337
List the prime factors of 14760.
2, 3, 5, 41
What are the prime factors of 150?
2, 3, 5
What are the prime factors of 4685?
5, 937
What are the prime factors of 5597?
29, 193
List the prime factors of 3034.
2, 37, 41
What are the prime factors of 2428?
2, 607
List the prime factors of 1167.
3, 389
What are the prime factors of 501?
3, 167
List the prime factors of 2868.
2, 3, 239
List the prime factors of 8171.
8171
List the prime factors of 129.
3, 43
What are the prime factors of 14837?
37, 401
List the prime factors of 864.
2, 3
List the prime factors of 20957.
19, 1103
List the prime factors of 1422.
2, 3, 79
What are the prime factors of 438?
2, 3, 73
List the prime factors of 776.
2, 97
What are the prime factors of 5906?
2, 2953
What are the prime factors of 626?
2, 313
What are the prime factors of 79352?
2, 7, 13, 109
List the prime factors of 22470.
2, 3, 5, 7, 107
List the prime factors of 4885.
5, 977
List the prime factors of 100887.
3, 33629
List the prime factors of 464.
2, 29
What are the prime factors of 1216?
2, 19
What are the prime factors of 49226?